4884 + 6?
-3784877
In base 3, what is 100200120120 - -2002?
100200122122
In base 2, what is 110010010001100011000 + 110110?
110010010001101001110
In base 12, what is -98b850 - 266?
-98bab6
In base 11, what is 32 + -1549a0?
-154969
In base 15, what is -7 + -2b6767?
-2b676e
In base 10, what is 0 - 12747417?
-12747417
In base 5, what is 141443 - -4304?
201302
In base 6, what is -2450114 - -15013?
-2431101
In base 9, what is 2806248 - 188?
2806050
In base 3, what is -111202011 - 1202022?
-120111110
In base 7, what is -622364616 - -5?
-622364611
In base 4, what is -1 + 1221003013?
1221003012
In base 15, what is 31 + 23d06c?
23d09d
In base 4, what is 312112002 + -313?
312111023
In base 7, what is 123063433 + -10?
123063423
In base 15, what is -2e + -ca270?
-ca29e
In base 12, what is 188a6 - -18ba?
1a5a4
In base 2, what is 1100010101010110110 - 111010?
1100010101001111100
In base 6, what is 5322255 + -152?
5322103
In base 12, what is 13 - -2a1262a?
2a12641
In base 11, what is -970a - 6a3?
-a302
In base 16, what is 2c608 + -5?
2c603
In base 13, what is -810a5 + -255?
-8132a
In base 16, what is -108a - 312b?
-41b5
In base 7, what is 1432 + -12024352?
-12022620
In base 15, what is 4 - 629d09?
-629d05
In base 6, what is 25 + 313011524?
313011553
In base 12, what is -11566708a + 5?
-115667085
In base 16, what is 49fa98 + a?
49faa2
In base 11, what is 34 - -6934140?
6934174
In base 8, what is 4362 - 7543?
-3161
In base 9, what is 33 - 267241?
-267207
In base 4, what is 1210032 - 320300?
223132
In base 12, what is -5 - -1546416?
1546411
In base 14, what is d8 - -a10d8?
a11d2
In base 8, what is -14766417 + 5?
-14766412
In base 5, what is 1143420 - 121343?
1022022
In base 11, what is -28803056 + -4?
-2880305a
In base 2, what is -100011100001001000100 + 11000011?
-100011100000110000001
In base 11, what is -21 - -550701?
550690
In base 5, what is 100304304 + 2101?
100311410
In base 2, what is 10100011001111100 - -1010001?
10100011011001101
In base 11, what is -15504 + -298?
-157a1
In base 16, what is 1482ed1 + 1?
1482ed2
In base 6, what is 25521 + -102433?
-32512
In base 2, what is 1100 - -11010100101010?
11010100110110
In base 7, what is -216 - -1060213?
1056664
In base 6, what is 114204150 - 1?
114204145
In base 7, what is 26 - -5542166?
5542225
In base 2, what is 10110110 - 10000111011?
-1110000101
In base 4, what is -1020331110312 - 2?
-1020331110320
In base 15, what is c - 595c9?
-595bc
In base 16, what is a1c9 + -20b9?
8110
In base 11, what is 432696 - 1023?
431673
In base 4, what is -3323 + -212322122?
-212332111
In base 15, what is -27b00 + 1b8?
-27937
In base 10, what is -10 - -1479963?
1479953
In base 12, what is 8 + -23613356?
-2361334a
In base 14, what is -1977676 + -2?
-1977678
In base 8, what is 0 + 31727620?
31727620
In base 6, what is -5331435 - -44?
-5331351
In base 13, what is 4 - -415548?
41554c
In base 6, what is -3540 + 124342?
120402
In base 14, what is 5d1 - 15252?
-14a61
In base 6, what is -2 - 1140540041?
-1140540043
In base 11, what is -6132610 - -4?
-6132607
In base 5, what is -101142 + -124022?
-230214
In base 14, what is -2 - -2659c7?
2659c5
In base 2, what is -10011110000010110100011 - -1?
-10011110000010110100010
In base 6, what is -1 + 110210400?
110210355
In base 12, what is 2593b1 + 5?
2593b6
In base 11, what is -2044a - 138?
-20587
In base 9, what is 254231788 - -6?
254231805
In base 2, what is 1000110100110100100011 + 10?
1000110100110100100101
In base 6, what is -300454 + -5201?
-310055
In base 2, what is -1011000010 - -11000001010100?
10110110010010
In base 13, what is 3562 + 1346?
48a8
In base 7, what is 2652 + 12460566?
12463551
In base 15, what is -7419b9 + 4?
-7419b5
In base 5, what is 4134234233 + -30?
4134234203
In base 7, what is 260244 + -2403?
254541
In base 3, what is -221120111102 + -210?
-221120112012
In base 14, what is -5 - 83344d?
-833454
In base 11, what is -792957 - a0?
-792a47
In base 11, what is 11a + -2a46899?
-2a4677a
In base 3, what is 12102200002001 - -1100?
12102200010101
In base 3, what is -1101010022 - 2200022?
-1110210121
In base 6, what is 14341241 - 1?
14341240
In base 8, what is -214407164 - -2?
-214407162
In base 13, what is -95113c - -13?
-951129
In base 12, what is 10806 - 19b1?
aa15
In base 3, what is -1202210020212020 - 1?
-1202210020212021
In base 12, what is 229b9 + -10a?
228ab
In base 7, what is -23 + -241634122?
-241634145
In base 2, what is 1010111 - -110100010101010110011?
110100010101100001010
In base 6, what is -32342 - -333?
-32005
In base 8, what is -16727601 - 22?
-16727623
In base 7, what is -11541420 + 232?
-11541155
In base 12, what is 8642 + -a0?
8562
In base 9, what is -87603302 - -5?
-87603286
In base 12, what is -5 + 250348b?
2503486
In base 14, what is b + -50327?
-5031a
In base 6, what is -44114 - -5?
-44105
In base 2, what is -101 - 1001100101010111100011010?
-1001100101010111100011111
In base 3, what is -21000 + -12122101200100?
-12122101221100
In base 9, what is -662250 + -88?
-662348
In base 9, what is 16627318 + -74?
16627234
In base 8, what is -12325425 - -4?
-12325421
In base 14, what is -90ac5 + -825?
-9150a
In base 5, what is -121312304 - -1021?
-121311233
In base 10, what is 1 + -16988150?
-16988149
In base 4, what is 12123 - 23022230?
-23010101
In base 5, what is 2 + -2014121222?
-2014121220
In base 6, what is 145540123 - 13?
145540110
In base 3, what is -1 + 11210211021222?
11210211021221
In base 16, what is 154c9fb - -1?
154c9fc
In base 10, what is 1349360 + 1?
1349361
In base 5, what is 3 - -2012231141?
2012231144
In base 10, what is 166 + 86176?
86342
In base 15, what is 62 + -10622?
-105b0
In base 9, what is 4256 - 1463?
2683
In base 16, what is -27 + -807b2?
-807d9
In base 2, what is -1001 + -11110000011001000011?
-11110000011001001100
In base 4, what is 11202203022 + 131?
11202203213
In base 9, what is 813713 - -10?
813723
In base 3, what is 1102201202021 - -110?
1102201202201
In base 16, what is 431d + 8fe?
4c1b
In base 11, what is -4a79392 - 4?
-4a79396
In base 12, what is -17 - -4895b4?
489599
In base 7, what is -641 - 226353?
-230324
In base 12, what is -4505 + -159?
-4662
In base 5, what is 21312044 - -412?
21313011
In base 16, what is 42 + -4661a1?
-46615f
In base 14, what is 4aa22b - -4a?
4aa277
In base 4, what is 31310 + 13110212?
13202122
In base 16, what is -1b6902 + 0?
-1b6902
In base 7, what is -44603 - 5655?
-53561
In base 8, what is -3 - -2251253411?
2251253406
In base 8, what is -1045 - 240?
-1305
In base 2, what is -1011110011100 + 100100100001110?
11000101110010
In base 2, what is 100 + 1011100110001000110011?
1011100110001000110111
In base 12, what is -1786428 - -1?
-1786427
In base 12, what is 399 + 18b96?
19373
In base 5, what is 1011213201 + 21?
1011213222
In base 9, what is 205 + 140048?
140254
In base 11, what is 113 - 408411?
-4082a9
In base 11, what is 4 + 1114736?
111473a
In base 2, what is -1011010111101010011011001 - -10?
-1011010111101010011010111
In base 14, what is 1301 - -2dc49?
3114a
In base 9, what is 433 + -476856?
-476423
In base 3, what is 111 - 100110101011112?
-100110101011001
In base 16, what is d821c + -6?
d8216
In base 9, what is -35276200 - 0?
-35276200
In base 13, what is 1a7c6a8 + -9?
1a7c69c
In base 10, what is 10006777 + 5?
10006782
In base 11, what is 123733 - -18?
123750
In base 10, what is 43495412 + 2?
43495414
In base 12, what is 11749a - -29?
117507
In base 12, what is -18 + 561998?
561980
In base 8, what is 11750665 - 432?
11750233
In base 6, what is 13 - -12225231534?
12225231551
In base 14, what is 76720c + -197?
767055
In base 2, what is -11101001001110001110011 - -100?
-11101001001110001101111
In base 6, what is 211 - 255522404?
-255522153
In base 13, what is -35 - 4a4512?
-4a4547
In base 15, what is 3d4a + -732a?
-34d0
In base 6, what is 1313051452 - -4?
1313051500
In base 7, what is 1303533 - -10225?
1314061
In base 10, what is -26 - 214386?
-214412
In base 9, what is -3 + -48226025?
-48226028
In base 2, what is -111001000100011000110 - 1110111?
-111001000100100111101
In base 9, what is 2278621 + 424?
2280145
In base 3, what is -112221 - 10002001102?
-10002121100
In base 14, what is -16737 - 49d9?
-1b332
In base 15, what is 98a9d - -5c?
98b0a
In base 11, what is -504984 + -2?
-504986
In b